 0 + l. What is h(3)?
-4
Let d(l) = l + 2. Let p be 2/(-8) - 18/(-8). Let h(t) = t**2 - 4*t - 2. Let x be h(5). Let w be 30/5*p/x. Determine d(w).
6
Let j(k) be the third derivative of k**5/60 + 5*k**4/24 - k**3/6 - 35*k**2. What is j(-6)?
5
Let o(v) = 0 + 7 - 2*v + 3*v - 4. Suppose -3*n - 10 = -4*k, -5*n - 5 = -3*k - 3. What is o(k)?
7
Let h(x) be the second derivative of -x**3/2 - x**2/2 + 3*x. Give h(4).
-13
Let m(l) = -l**2 - 5*l - 3. Suppose -5*i + 0*i - 3*h = -20, -i - h + 4 = 0. Suppose -i = 5*x - 3*x. Let g = -3 + x. Calculate m(g).
-3
Let j = -6 - -6. Let s(u) = -u**3 + u**2 + u - 6. Determine s(j).
-6
Let d(h) = 2 - 261*h + 0 + 255*h + h**2. What is d(3)?
-7
Let g(q) = -q**3 - 5*q**2 + q - 3. Let j(i) = -i**2 - 4*i - 5. Suppose -a + 3*a + 8 = 0. Let z be j(a). Calculate g(z).
-8
Let l = -104 - -106. Let j(u) = 6*u - 1. Determine j(l).
11
Suppose 2*a - 2 = 2. Suppose -4*t + 1 = a*h + 3, 5*h = 3*t + 21. Suppose 5*u - 12 - h = 0. Let i(s) = s**2 - 2*s + 3. Determine i(u).
6
Let x(f) be the first derivative of f**2/2 - 7*f + 3. Determine x(7).
0
Let o(y) = -y + 1. Let c(k) = -8*k + 9. Let s be 0 + ((-10)/(-2) - -1). Let w(p) = s*o(p) - c(p). Let q be 5 - 2 - 0/1. Calculate w(q).
3
Suppose -5*n = -3*n - 5*w - 8, -2*n - 4*w + 26 = 0. Let s(m) = -2*m + 2 + m**2 - n + m. Determine s(0).
-7
Let f = 1 + -1. Let v(x) = 5*x + 3*x + f - 7 - x**2. Let c be v(6). Let u(g) = -g + 3. Give u(c).
-2
Let a(p) = 5*p**2 - 3*p + p**2 + 2 + 3 - p**3. Calculate a(6).
-13
Let p(x) = 3*x - 1. Suppose 3 = v - b, -v + 2*v + b - 9 = 0. Let k be (-2)/v - 5/3. What is p(k)?
-7
Let t = 13 + -22. Let z = t + 6. Let j(o) = o**2 + 6*o + 2. Determine j(z).
-7
Let m(y) = -y**3 + 4*y**2 - y + 4. Let x(p) = -p**3 - 7*p**2 - 15*p - 22. Let n be x(-5). What is m(n)?
10
Let f be ((-2)/(-3))/((-4)/(-12)). Suppose -4*k - 12 = -2*d, -3*d - 2*d = -f*k - 6. Let q(h) = -3*h - h**2 + 2 + 5 - 4. What is q(k)?
3
Let i(v) = -v**2 - v - 1. Suppose -4*s + 2*l + 4 = 0, 5*l = -5*s - 10 - 15. Give i(s).
-1
Let v(i) = i**2 + 9*i + 9. Let l = -24 - -16. Let n be v(l). Suppose r + n = 3. Let b(q) = -2*q**2 + 2*q - 3. What is b(r)?
-7
Let h(w) = -2*w**2 - w + 1. Suppose c + 7 = -0*d + 4*d, -4 = -4*d + 4*c. Determine h(d).
-9
Let u be (-6)/(-2)*(-2)/(-2). Suppose u*x = 8*x + 25. Let o(c) = -c. Let t(z) = -2*z + 3. Let s(m) = -6*o(m) + 2*t(m). Give s(x).
-4
Let c(t) = -10*t - 1. Let g = 66 - 68. Give c(g).
19
Let d = 0 + -2. Let r(h) be the second derivative of h**5/20 + h**4/12 + h**3/2 + h**2 - 23*h. Give r(d).
-8
Suppose -a = 4*s - 12, -12 + 0 = 4*a - 4*s. Let m(y) = y**2 + 0*y + 3 + 0*y + 4*y + a*y. Determine m(-2).
-1
Let l(q) = 2 - q - 3 - 20*q**2 + 22*q**2. What is l(-2)?
9
Suppose -3*k + 2 = -5*f + 16, k - 14 = -3*f. Suppose -2*w - f*m = -3*w + 11, -5*m - 1 = 3*w. Let n(i) = -w - i + i - 3*i. Give n(-4).
9
Let x(v) = v**2 + 4*v - 4. Let c be x(-5). Let i(k) = -k**2 + 1. Let u(w) = -4*w**2 + 4*w - 1. Let a(p) = c*u(p) - 3*i(p). Give a(5).
-9
Let m(b) = -30*b**2 - b + 0 + 0 + 25*b**2. Let s(y) = y**2 + 7*y + 7. Let x be s(-6). Give m(x).
-6
Let q(l) = l**2 + 4*l - 6. Let f be ((-5)/(-3))/((-1)/3). Give q(f).
-1
Let p(j) = 4*j. Let k be p(1). Let b be (k/8)/((-1)/8). Let t(a) be the third derivative of -a**4/12 - a**3 - 9*a**2. Give t(b).
2
Let a(j) = 5*j**2. Let m be 12/(-84) + 58/14. Suppose u + 4*c - 20 = -7, 0 = m*u + 5*c - 19. Give a(u).
5
Let l(v) = -10*v - 1 + 27*v - 15*v - 6*v**3 + v**3. What is l(1)?
-4
Let f(c) be the first derivative of c**2/2 - 9*c - 1. Let v be ((-11)/(-77))/(2/7)*0. Give f(v).
-9
Let p be 0/((-12)/(3 + 1)). Let w(h) = h**3 + h**2 + h + 5. Give w(p).
5
Let u be (-2)/(-3)*-3*1. Let m(b) = -b**2 + b + 1. Calculate m(u).
-5
Suppose -3*s - n = -4, 0*s + 2*n - 6 = -5*s. Suppose -11 = -x + s. Let y = 8 - x. Let b(t) = -t**3 - 5*t**2 + 6. Calculate b(y).
6
Let x(f) = -f**2 - 2*f - 1. Let k be x(-1). Let y(n) = -n**3 + n**2 - n. What is y(k)?
0
Let b(r) = -r - 4. Let i(x) = x**3 + 4*x**2 - 5*x + 2. Let n be i(-5). Suppose 3*h + 3 = n*o, 7*o + 2*h + 2 = 3*o. What is b(o)?
-4
Suppose 4*n - 2*y + 11 = 3, 4*n + 4*y + 20 = 0. Let f(r) = -3*r**2 + 2. Give f(n).
-25
Let n(g) = -g**3 + 3*g**2 + 4*g + 2. Let z be n(4). Suppose -4*r - 2 = -z*r. Let i(y) = 13*y + 1. Calculate i(r).
-12
Let i(r) be the second derivative of -r**5/20 + r**4/2 - r**3/6 + 5*r**2/2 - 7*r. What is i(6)?
-1
Let b(t) = t**3 + 3*t**2 - t + 1. Let g = 16 - 19. Let d be b(g). Let n(c) = -c**2 + 7*c - 5. Determine n(d).
7
Let r(i) be the third derivative of -i**5/60 - i**4/8 + i**3/3 + 35*i**2. Calculate r(-4).
-2
Let q(m) be the third derivative of 1/120*m**6 + 0*m + 0*m**4 + 0 + 4*m**2 - 1/3*m**3 - 1/20*m**5. Give q(3).
-2
Let a(m) = -m - 3. Suppose 0 = x + 2*x + 2*l + 13, 4*x = 4*l - 4. Determine a(x).
0
Let t be 1/(-3 + (-10)/(-3)). Let c(i) = -1 - t - 7*i**2 + 5. What is c(-1)?
-6
Let z(l) = 5*l**3 - 5*l**2 + 12*l - 8. Let m(x) = -11*x**3 + 9*x**2 - 24*x + 17. Let s(j) = 6*m(j) + 13*z(j). Give s(-12).
-2
Suppose -4*w = -4*o + 20, o + 3*w + 21 - 6 = 0. Suppose 4*g - 34 = -3*t, -t + o*t - g + 10 = 0. Let h(q) = -q**2 + 7*q - 5. Give h(t).
1
Suppose -3*m - 7 = -m + 3*n, n = -2*m - 13. Let t be (-88)/(-4)*(-1)/2. Let z = t - m. Let r(g) = -2*g - 3. What is r(z)?
3
Let b be (-1 - -6)*8/(-10). Let o(h) = h + 1. Suppose -9 + 5 = -4*z. Let p(m) = 2*m + 5. Let g(l) = z*p(l) + o(l). Give g(b).
-6
Let j(c) = 2*c - 4. Let u be 28/8*(-2)/(-1). Calculate j(u).
10
Let f(v) = 10*v**2 - 1 - 4*v + 4*v + 2. Suppose 4*u + 7 = 3*c, -c + 0*c + 1 = 0. Give f(u).
11
Let j(r) be the second derivative of -r + 0 + 1/6*r**3 + 5*r**2. What is j(0)?
10
Let m(v) = -5*v + 6 + 3*v - 4. Suppose -9*d + 3*d + 18 = 0. Calculate m(d).
-4
Suppose 4*x = x. Suppose -u + 0*u + 2 = 0. Let g(p) = -3 - 4*p**u + 2*p - 3*p + 3*p**2. Give g(x).
-3
Let g(x) = 3*x**2 + x - 1. Let u be g(-2). Let c be (u/(-6))/1*2. Let b(h) = -h**3 - 3*h**2 + 2*h + 4. What is b(c)?
-2
Let i(x) = x**3 - 3*x**2 + 4*x - 2. Let s be i(2). Let f = -4 + 7. Let z = f + s. Let r(d) = 2*d - 6. Determine r(z).
4
Let i(s) = 3*s**2 - 5*s + 11. Let u(x) = 8*x**2 - 14*x + 32. Let z(w) = -11*i(w) + 4*u(w). Suppose 0 = 3*r + 3, r + 1 = -4*k - 0*k. Calculate z(k).
7
Suppose -2*q - 12 + 2 = 0. Let k(v) = -v**3 - 4*v**2 + 6*v - 2. What is k(q)?
-7
Let x(b) be the first derivative of -5*b**2/2 + b + 3. Suppose 5*z - 8 = -18. Determine x(z).
11
Let p(s) be the third derivative of -s**5/60 + s**4/6 + s**3/3 - 28*s**2. What is p(5)?
-3
Let r(g) = 3*g + 10 - 2*g - 2*g - 1. Determine r(9).
0
Let r(f) = f + 8. Let o = 126 + -138. What is r(o)?
-4
Let u be 3/(-2 + 35/16). Suppose 20 = -5*z - 2*o - 20, -z = 2*o + u. Let p(c) = -c**3 - 6*c**2 - c - 2. Determine p(z).
4
Let m(w) = 4*w + 3 - 3. Let a(b) = -b**3 - 2*b**2 + b - 4. Let d be a(-3). Calculate m(d).
8
Let q be 16/10 + 6/(-10). Let u be -1 + 0 - 14/(-2). Let g(w) = 0 + u*w - 2 + q. What is g(-1)?
-7
Let w(q) be the first derivative of q**4 - q**3/3 + 3. Let o be w(1). Let z(x) = -x**2 + 4*x - 3. Give z(o).
0
Let k(t) be the first derivative of t**2/2 + 3*t + 1. Let r be (-3)/(4*(-2)/8). Determine k(r).
6
Suppose 4*b = 9*b. Let t(y) = 2 + b + y - 5. Calculate t(0).
-3
Let z(f) = -f**3 + 6*f**2 - f - 1. Suppose 0 = 4*n + 5*k - 4, 5*k + 13 + 7 = 0. Calculate z(n).
-7
Let h(l) = 3 + 4*l**2 + 4*l + 5*l**3 - l**2 - 9*l**3 + 5*l**3. Give h(-2).
-1
Suppose -r + 2*r = 2*k - 14, 0 = 4*k + 3*r - 18. Let a(b) = -4 + 0*b - b**2 + 6*b + b + 0*b. What is a(k)?
2
Let v(p) = 5*p + 17. Let d(l) = l + 4. Let y(x) = -9*d(x) + 2*v(x). Give y(9).
7
Let b(z) = 3*z**3 + z**2 - 1. Let x = 5 - 3. Let o = x - -3. Suppose -5*n + 0*n + o = 0. Determine b(n).
3
Suppose 4*o - o = -3*j - 9, -4*o = 3*j + 9. Let z(l) be the second derivative of 3/2*l**2 + 1/12*l**4 + 1/6*l**3 + 2*l + 0. Give z(o).
3
Let p(q) = q**2 + 1. Let v(d) = 4*d**2 + 3*d + 6. Let l(n) = 7*n**2 + 5*n + 12. Let k(g) = 2*l(g) - 5*v(g). Let f(x) = k(x) + 5*p(x). Calculate f(-2).
5
Let q(x) = -1 - 4 + x + 3. Let j(n) = -3*n**2 - 8*n. Let f be j(-3). Let m(u) = -u**2 - 3*u + 6. Let o be m(f). Determine q(o).
4
Suppose 4*x = -3*m + 5, -2*x - 7 = -m + 2*x. Let o(s) = 3*s - 2. Determine o(m).
7
Let c(f) = 11*f**3 - 6*f**2 + 5*f + 4. Let z(m) = -5*m**3 + 3*m**2 - 2*m - 2. Let d(q) = -2*c(q) - 5*z(q). Calcula